n o is divided by 92.
9
Suppose 3*k - 2*k = 30. What is the remainder when 20 is divided by k/(-45)*(-1 + (-62)/4)?
9
Let r be 114 + (-5)/(5/(-2)). Suppose -4*u - 4*p = p - 229, -2*u = 2*p - r. Calculate the remainder when u is divided by 22.
17
Let m(j) = -j**2 - 29*j - 24. What is the remainder when 208 is divided by m(-27)?
28
Suppose -q + 312 = -8*a + 7*a, a - 627 = -2*q. What is the remainder when q is divided by 11?
5
Let l(s) = -16*s - 15. Let y = 7 + -2. Suppose 116 = 7*x - 2*x - 3*v, -3*x = y*v - 90. What is the remainder when l(-4) is divided by x?
24
Suppose 3*b + z + 201 = 4*b, -801 = -4*b + z. What is the remainder when b is divided by 72?
56
Suppose 2*f + x - 91 = -0*x, 188 = 4*f - 4*x. Let y = f + -28. Calculate the remainder when y is divided by 5.
3
Let p = -84 - -134. Let v = 60 + -43. Calculate the remainder when p is divided by v.
16
Let z(v) = v**2 + 3*v - 2. Let a be z(-4). Let x(q) = -12*q - 2 - 2*q**2 + q**a + 0*q**2 - 5. What is the remainder when x(-6) is divided by 16?
13
Let p(a) = -a**2 + 73*a + 27. What is the remainder when 154 is divided by p(0)?
19
Suppose -175 = -30*c + 125. Suppose -n - 2*f + 11 = 0, 0*n + 5*f = 5*n + 20. Let v(w) = 6*w + 1. Calculate the remainder when c is divided by v(n).
3
Suppose -6 = 5*b - 21. Suppose 3*q + 2 = 2*u + 8*q, -2*u - 2*q = -2. What is the remainder when b is divided by u?
0
Let u be 1/6 - (-1)/(-6). What is the remainder when (u + (-28)/(-8))*6 is divided by (2/6)/(1/33)?
10
Calculate the remainder when 266 is divided by (3/(-9))/(7/(-1134)).
50
Suppose 35 + 97 = 11*g. Let k = 265 - 147. Calculate the remainder when k is divided by g.
10
Let a = -7 - -36. Calculate the remainder when a is divided by 8 - (-5 - -1)*1.
5
Let f(s) = 3*s + 5. Suppose 3*k + 232 = 5*l, 127*l + k = 132*l - 244. Calculate the remainder when l is divided by f(4).
16
Suppose -r - 4*r - 183 = d, 5*d = -3*r - 937. Let i = d + 270. What is the remainder when i is divided by 21?
19
Let d(s) = -2*s**2 + 28*s - 76. What is the remainder when 105 is divided by d(9)?
7
Let a(d) = 11*d - 9. Let c(y) = y**3 - 5*y**2 + y + 1. Let j be c(5). Calculate the remainder when a(j) is divided by 20.
17
Let f(d) = d**2 + 6*d + 7. Let o be f(-5). Suppose 3*b + 30 = 5*j, 0 = -4*j - 6*b + o*b - 8. Calculate the remainder when 11 is divided by j.
2
Let z(t) = -t - 2. Let k be z(-2). Let i(d) = d**3 + 19*d**2 + 33*d + 11. Calculate the remainder when (k/(-1) - -1) + 82 is divided by i(-17).
27
Let m be (36/(-48))/(2/(-24)). Let z(j) = -j. Let v(y) = -6*y + 5. Let c(w) = -v(w) + 4*z(w). Calculate the remainder when 38 is divided by c(m).
12
Let v = -8 + 17. Let q = 14 - v. Suppose -3*u - 265 = -q*n, -3*n + n - 3*u = -106. What is the remainder when n is divided by 18?
17
Suppose 4*t - 26 + 174 = 4*a, -70 = -2*a + t. Let q be ((-10)/(-25))/(1/15). Calculate the remainder when a is divided by q/(-9) + (-76)/(-6).
9
Suppose -m - 49 = -2*p, 5*m + 3 = 5*p - 132. Calculate the remainder when p is divided by 18.
4
Let x = 144 - 202. Let s(t) = 7*t + 4. What is the remainder when (x - -10)*(-3)/2 is divided by s(3)?
22
Let h = -1036 - -1064. What is the remainder when 221 is divided by h?
25
Suppose -i + 2 + 7 = 0. Let x(o) = o**2 - 8*o + 14. Let l be x(6). Suppose l*d + 98 = 4*p, -p + 5*p - 91 = -5*d. Calculate the remainder when p is divided by i.
6
What is the remainder when 48 is divided by ((-7)/(-2) - -4) + (-10)/(-4)?
8
Calculate the remainder when ((-55)/(-3))/(19/57) is divided by 13.
3
Suppose c - 23*c + 3036 = 0. What is the remainder when c is divided by -2 + 1 + 12*3?
33
Suppose 28*i = 27 + 113. What is the remainder when 15 is divided by i?
0
Let h be 0 + 4 + -2 + 0. Suppose 0 = 4*d - u - 23, 0 = -h*u + 7*u - 25. What is the remainder when d is divided by 8/(-3 + (5 - 0))?
3
Let a(b) = -b. Let d be a(-2). Suppose 5*w + d*q - 33 = 0, 10 = w + q - 4*q. Suppose p + 2 - w = 0. What is the remainder when 14 is divided by p?
4
Let w(t) = 27*t - 3. Suppose -3*x = -a + 36, -a = 5*x - 12 - 0. Calculate the remainder when w(4) is divided by a.
24
Suppose 2*z + 7 + 65 = 0. What is the remainder when 13 is divided by (-8)/z + (52/9 - -2)?
5
Let v be 3/(-9)*8*3. Let k = v + 22. Calculate the remainder when (-4)/10 - (-1182)/30 is divided by k.
11
Let q(x) = -12*x - 11. Let j = 23 + -28. Let f(a) = a**2 + 2*a - 2. Calculate the remainder when q(j) is divided by f(3).
10
Suppose -4*z + 12 = -5*g, -2 = -5*z - 2*g + 13. Let d = z - 1. Suppose d*m - 7 = 3*l, -2*l - 10 + 2 = -3*m. What is the remainder when m is divided by 2?
0
Let t = -93 - -136. Calculate the remainder when 124 is divided by t.
38
Calculate the remainder when (-1)/((-5455)/1090 - -5) is divided by 0 + 43 + (-16)/(-16).
42
Let w(p) = p**3 - 2*p**2 + 5*p + 13. What is the remainder when 115 is divided by w(0)?
11
Suppose -2*d - 1506 = -2*g, -2*d - 2412 = -4*g + 602. What is the remainder when g is divided by 14?
12
Suppose -4*j - f = 99, 3*j + 0*j + 87 = -5*f. Let h = j - -47. Calculate the remainder when 988/11 - 4/(-22) is divided by h.
21
Let x = 117 - -19. Suppose 17 = l - 5*b, -4*b = 3*l - 2*b - x. Calculate the remainder when 124 is divided by l.
40
Suppose -2639 = -39*i - 845. Suppose 328 = -4*h + 2*h. What is the remainder when i is divided by h/(-14) + 4/14?
10
Let t(f) = -3*f + 8*f**2 + f**2 - 4*f + 1 + 4*f. Let v be t(2). Suppose 0 = -4*a + v + 9. What is the remainder when 29 is divided by a?
9
Let c(t) = t**3 - 8*t**2 + 10*t - 9. Let i be c(7). Let m(q) = 3*q - 9. Calculate the remainder when i/9*6 - 3 is divided by m(4).
2
Let t(p) = -2*p**2 - 14*p - 11. Let i(s) = 2*s**2 + 15*s + 11. Let y(r) = -6*i(r) - 7*t(r). What is the remainder when 68 is divided by y(-6)?
33
Suppose -y = 2*y - a - 138, -92 = -2*y - 3*a. Suppose v + 4*v - 45 = 0. Suppose 3*t + v = 3, 3*b - 2*t = 52. What is the remainder when y is divided by b?
14
Suppose -1 = w - 2*w - 3*d, 5*d + 45 = 3*w. Let h = 34 - w. Calculate the remainder when h is divided by 14.
10
Let v(d) = -d - 3. Let j be v(-6). Suppose 5*h - j = 7. Suppose n + 9 = h*n. What is the remainder when n is divided by 2?
1
Suppose 3*w = -16 + 73. Let z(q) = q**2 - 20*q - 63. Let o be z(23). Let a = o + w. What is the remainder when 98 is divided by a?
23
Suppose 0 = -z - 5*l + 2, 2*z + 3 + 4 = l. Calculate the remainder when 87 is divided by 75/24 + z - 2457/(-56).
43
Suppose -7*o = -5*o. Suppose 3*s + 50 = 5*u, o = u - 3*u + 4*s + 20. Calculate the remainder when 28 is divided by u.
8
Suppose -5*n = 3*g - 1171 - 1009, 2*g - 4*n = 1446. Calculate the remainder when g is divided by 52.
49
Suppose -5*t + 114 - 9 = 0. Let w = -26 - -67. What is the remainder when w is divided by t?
20
Suppose -19*o - 2*j = -15*o - 140, 4*j + 60 = 2*o. What is the remainder when o is divided by 15?
4
Suppose r - 4*m + m = 13, -2*r - 5*m = -37. Suppose 225 = 3*g + 2*g. What is the remainder when g is divided by r?
13
Let u be 16/3*369/6. Suppose 0 = -6*i + 2*i + u. Suppose -4*x = -s + i, -305 = 2*s - 7*s - x. Calculate the remainder when s is divided by 21.
20
What is the remainder when (-29)/232 - 1890/(-16) is divided by 12?
10
Suppose 4*d = 5*k - 809, -5*k + 577 + 260 = 3*d. Suppose 5*i = -3*p + 135 - 9, 210 = 5*p + 2*i. Calculate the remainder when k is divided by p.
39
Suppose 21 = 3*c - 75. Suppose 334 = 5*z - 136. What is the remainder when z is divided by c?
30
Let a(s) = 4*s - 36. Let i(r) = 5*r - 3*r + 0*r - 27 + 9. Let k(f) = 4*a(f) - 7*i(f). What is the remainder when 28 is divided by k(14)?
8
Let i be 5 + -10*2/(-5). Suppose i*g - 476 = -170. What is the remainder when g is divided by 12?
10
Let t(k) = 6 + 2 + 6*k**2 + k + 4 - 5*k**2. Let z be t(-5). Calculate the remainder when 424/z + 1/(-4) is divided by 4.
1
Suppose -3*q + 5*n - 22 = -4*q, -4*q - 3*n = -20. Calculate the remainder when 62 is divided by (-47 - 1)/((-1)/(-2) - q).
30
Suppose -4*s - 157 - 3 = 0. Let r = 46 + s. What is the remainder when r is divided by 1?
0
Suppose 2*x - 12 = 3*x + s, 4*s + 6 = 2*x. Let u(q) = 0*q**3 - 2*q + 7*q**2 + q**3 + 0*q - 4. Calculate the remainder when 27 is divided by u(x).
7
Suppose -4*o - m = o - 12, -15 = -3*o + 2*m. Let x(c) = 3*c**2 - c. Calculate the remainder when x(o) is divided by 5.
4
Suppose 16*w = 11*w + 30. Suppose 0 = -4*l +